e prime factors of 0 - (i + -2 + 0)?
3, 7
Suppose -7 = -3*d - 3*w + 11, -3*d = -3*w - 42. What are the prime factors of d?
2, 5
Let u = -22 - -16. List the prime factors of 6/(3 - (-9)/u).
2
Let x(i) = -11*i + 8. List the prime factors of x(-23).
3, 29
Let n be ((-12)/10)/((-24)/(-80)). Let u be (0 - -4)/(2/7). Let g = n + u. List the prime factors of g.
2, 5
Let c = -23 - -13. List the prime factors of 156/20 - 2/c.
2
Let n(g) = 3*g + 7. What are the prime factors of n(8)?
31
Suppose -8*v = -3*v. Suppose -3*o + 15 + 0 = v. Suppose -n + 2*z = -3, -3*n + o*z = -8 - 3. What are the prime factors of n?
7
Let j be -13*(2 + -1 - 2). Let z = j + -4. List the prime factors of z.
3
Suppose 2*n = -5*a + 89, 0*n - n + a = -62. List the prime factors of n.
3, 19
Let t(p) = -p**2 + p - 1. Let n be t(2). Let c be (n + -31)/(-2 + 0). Suppose 0 = f + 5*b + c, 0 = 2*f - 3*f + 5*b + 33. List the prime factors of f.
2
List the prime factors of -3 + 1 + 4 + -1 + 5.
2, 3
Let s(v) be the first derivative of -9*v**2/2 - 5*v + 2. Let x be s(-5). Suppose f = -3*f + x. List the prime factors of f.
2, 5
Suppose -m - 32 = 3*m. Let j = m - -11. Suppose d + j*o - 1 = 0, -o + 17 = -3*d + 5*d. What are the prime factors of d?
2, 5
List the prime factors of ((-4)/(-10))/((-1)/(-5)).
2
Let g(s) = 3*s - 1. Let n(d) = -2*d**2 + 12*d + 3. Let i be n(6). List the prime factors of g(i).
2
List the prime factors of 7/((-7)/4) + (223 - 6).
3, 71
List the prime factors of (-5)/(45/(-48))*3.
2
Suppose 0*q = 5*q - 270. Suppose -t - 504 - q = 0. What are the prime factors of (-2)/7 - t/42?
13
Let s(c) = -c**2 + c - 1. Let g be s(1). Let j = 3 + g. Suppose l = -j*l + 6. List the prime factors of l.
2
Suppose -2*x + 3 = -1. Suppose 8 + 0 = x*g. What are the prime factors of g?
2
Suppose -f - 3*b = 6, -4*f + 4*b - 5*b = -20. Suppose -f*x + x = -100. What are the prime factors of x?
2, 5
Suppose -2*l = -6*l + 8. What are the prime factors of 8*(l + 3/(-3))?
2
Let x(z) = 7*z**3 - 3*z**2 + 4*z - 3. Let m be x(2). Let v = -35 + m. List the prime factors of v.
2, 7
Let y(a) = 2*a - 4. Let d be y(-12). Let b = d + 40. List the prime factors of b.
2, 3
Let m(c) = 6 - c + 5*c - 5*c. List the prime factors of m(3).
3
Let h(c) be the second derivative of 0 + 1/12*c**4 + 1/3*c**3 + c - 11/20*c**5 + 1/2*c**2. List the prime factors of h(-1).
11
Let c(w) = w**3 - w**2 + 26. List the prime factors of c(0).
2, 13
Suppose 18*f = 21*f - 639. List the prime factors of f.
3, 71
Let b(m) = m**3 - 4*m**2 + m - 4. List the prime factors of b(5).
2, 13
Let q = 43 - 17. List the prime factors of q.
2, 13
Let t = 141 - 54. What are the prime factors of t?
3, 29
Suppose -t - 6 = -40. List the prime factors of t.
2, 17
Let v(o) = -o**2 + 7*o - 6. Let b be v(7). Let t(n) = -3*n + 3. Let m be t(b). Suppose w + m = 4*w. What are the prime factors of w?
7
List the prime factors of -1 + (-16)/((-8)/4).
7
Suppose 5*i - g - 593 = 62, 4*i - 3*g = 524. List the prime factors of i.
131
Let n = 24 + -9. Suppose -2*f = -19 - n. What are the prime factors of f?
17
Let h be 147/9 + (-3)/9. Let d = h + -11. Suppose -3 = -4*i - 0*i + d*m, 3*m - 36 = -3*i. What are the prime factors of i?
7
Let t = 134 + -50. List the prime factors of t.
2, 3, 7
Let r be (36/(-2))/(3/(-2)). Suppose -6*x + 2*x + 3*v - r = 0, x - 5*v = -20. Let u(o) = o**2 + 5. What are the prime factors of u(x)?
5
Let s be 2/((18/4)/9). Suppose -2*h + 99 = -g, s*h - 5*g - 111 = 2*h. List the prime factors of h.
2, 3
Let v(i) = -i - 8. Let h be v(-11). Suppose 0*t - h*t + 36 = 0. What are the prime factors of t?
2, 3
Let k(s) = -s - 4. Let z be k(-7). Suppose 0*a - 2 = a + 3*b, 0 = -2*a + z*b + 14. Suppose -j - a = -3*j. List the prime factors of j.
2
Let w = 74 - 41. Let s = 73 - w. What are the prime factors of s?
2, 5
Let w be ((-4)/5)/(2/(-5)). Suppose -q = 3*z - 131, -w*q + 5 = 1. List the prime factors of z.
43
Let g(w) = w**2 - 4*w + 5. Let v be g(4). Suppose 4 = f + v*k, 14 = -2*f + 4*k - 3*k. Let d(n) = -3*n - 9. List the prime factors of d(f).
3
What are the prime factors of -74*(3 + 28/(-8))?
37
Suppose -48 + 4 = -2*m. Suppose 2*l = 2*b + 36, -4*l = -3*l - 2*b - m. What are the prime factors of l?
2, 7
Suppose s - 6*s = -55. What are the prime factors of s?
11
Suppose 4*q + 18 + 35 = 3*a, 5*q + 4*a + 105 = 0. Let b = 29 + q. What are the prime factors of b?
2, 3
Let z(f) be the first derivative of 2*f**2 - 13*f - 5. What are the prime factors of z(6)?
11
Let g(q) = -q**2 + 8*q - 6. Suppose -16 = -4*p + 8. Let n be g(p). What are the prime factors of 21/2 + n/(-4)?
3
Suppose 4*d = -2*h + 3*d + 111, -3*d - 15 = 0. List the prime factors of h.
2, 29
Let s = 49 - -194. List the prime factors of s.
3
Let y = 249 - 159. Suppose -14 = -r + u + 8, -3*u = -4*r + y. List the prime factors of r.
2, 3
Suppose -284 + 71 = -z. What are the prime factors of z?
3, 71
Suppose q + 2 = 2*q. Suppose 0 = -4*b + a + 34 + 4, 0 = q*a - 4. What are the prime factors of b?
2, 5
Let i = 11 - 7. Suppose -8 = 2*l - i*l. List the prime factors of l.
2
Suppose 0 = -5*l + 4*y + 93, 5*l - 2*y - 86 = 3. Let d = l + -5. What are the prime factors of d?
2, 3
Let c = 48 + 94. List the prime factors of c.
2, 71
Suppose 7 = 2*r - 9. List the prime factors of r.
2
Let b be (-1)/(-4) - (-78)/8. Suppose -l - 4*l = -b. Suppose l = 2*j - 8. List the prime factors of j.
5
Let i(w) = -2*w + 6. Let h be i(4). Let k be (-2 + 1)*(-6)/h. Let p(x) = x + 5. What are the prime factors of p(k)?
2
Let a(h) = h - 14. Let c be a(6). Let o = c - -19. List the prime factors of o.
11
What are the prime factors of 36 - ((-12)/4 + -1)?
2, 5
Suppose 41 = -m + 2*m. List the prime factors of m.
41
Suppose -3*w + 10 = 3*o + 2*o, 2*o - 4 = -5*w. Suppose -o*z = -4*z + 4. Suppose z*i - 9 = -i. List the prime factors of i.
3
Suppose 0 = -4*c - 3*j + 739, -4*c - j = 4*j - 741. List the prime factors of c.
2, 23
Let d = 2 - -1. Suppose -d*b = 5*q - 29, 5*q - 35 = 2*b - 7*b. Suppose 0 = p - q*p + 12. List the prime factors of p.
2
Suppose y - 3 = -1. Suppose -a - 1 = -y*w, -a - 2*w = -4*a + 9. Suppose 0 = -4*d - 4, a*s - 2*d = -4 + 41. What are the prime factors of s?
7
Suppose -z - 8 = -2*i, 2*i - 7*i + 25 = 0. Suppose 3*b + z = 2*b - 4*d, 0 = 4*b - 4*d - 32. List the prime factors of b.
2, 3
Let x = -9 + 4. Let k = -3 - x. Suppose -2*f + 28 + 12 = -4*c, -40 = -2*f - k*c. List the prime factors of f.
2, 5
Suppose 22 = -0*m + m. Suppose -5*g = 5, 7*t - m = 4*t + g. Suppose 3*w = 2*a + 11, 5*w - 2*a - 10 = -t*a. List the prime factors of w.
3
Let s be (-3 - (-4 + 2)) + 2. Suppose -s = -q + 2. Suppose q*k - 14 - 40 = 0. What are the prime factors of k?
2, 3
Let l(b) = -b**2 + 19*b + 3. What are the prime factors of l(19)?
3
Suppose -4*c - 2 = -22. Let g(s) = -s**2 + 0*s**2 - c*s**2 + 5 + 5*s**2 - 9*s. What are the prime factors of g(-8)?
13
Let r(b) = 3*b**2 + 2. What are the prime factors of r(-3)?
29
Let h(y) be the third derivative of -1/10*y**5 + 0*y**4 + 5/6*y**3 + 0*y + 0 - 1/120*y**6 + 2*y**2. What are the prime factors of h(-6)?
5
Let k(p) = 45*p + 1. What are the prime factors of k(1)?
2, 23
Let h(t) = 45*t + 1. Let a be h(1). Let v = -33 + a. What are the prime factors of v?
13
Suppose -211*r + 579 = -208*r. What are the prime factors of r?
193
Let c be 2/(-7) + (-36)/21. Suppose -3*f = -5*y - 4 - 6, 4 = -2*y - f. What are the prime factors of (-2 + y)*3/c?
2, 3
Let b(j) = -9*j + 4. Let o(k) = 5*k - 2. Let y(n) = 6*b(n) + 11*o(n). Let w be y(-4). What are the prime factors of (20/6)/(w/(-6))?
2, 5
Let d(s) = s + 1. Let n be d(3). Suppose 6 = -c + n*c. Suppose -3*k + 20 = -c*a, k + 4*a - 9*a - 11 = 0. What are the prime factors of k?
2, 3
Suppose 4*i = -w + 11, i - w - 3*w = -10. Let l(s) = 5*s**3 + s**2 - s + 1. What are the prime factors of l(i)?
43
Suppose 3*f + 45 = 3*q, -2*f - 8 = -q + 12. Suppose 0 + q = -5*k. Let a = k + 7. What are the prime factors of a?
5
Let v(h) be the second derivative of -5*h**3/2 - 5*h**2/2 + h. List the prime factors of v(-2).
5
Let r(n) = -5*n - 4*n - 3*n**2 - 8 + 4*n**2. What are the prime factors of r(10)?
2
Suppose 0 = m + 3*b - 91, 3*b = -5*m + 7*m - 146. What are the prime factors of m?
79
Let n(t) = 4*t. Let a be n(1). Let w(o) = o - 9. Let u be w(9). Suppose 3*v + 30 = -0*z + 